{"id":4076,"date":"2026-03-25T17:09:51","date_gmt":"2026-03-25T10:09:51","guid":{"rendered":"https:\/\/phumyhung.vn\/harmonie\/?page_id=4076"},"modified":"2026-03-25T17:09:53","modified_gmt":"2026-03-25T10:09:53","slug":"chinh-sach-bao-mat-thong-tin-khach-hang","status":"publish","type":"page","link":"https:\/\/phumyhung.vn\/harmonie\/chinh-sach-bao-mat-thong-tin-khach-hang\/","title":{"rendered":"CH\u00cdNH S\u00c1CH B\u1ea2O M\u1eacT TH\u00d4NG TIN KH\u00c1CH H\u00c0NG"},"content":{"rendered":"\n<p>C\u00e1m \u01a1n qu\u00fd kh\u00e1ch \u0111\u00e3 quan t\u00e2m v\u00e0 truy c\u1eadp v\u00e0o website c\u1ee7a <strong>C\u00f4ng ty TNHH Ph\u00e1t Tri\u1ec3n Ph\u00fa M\u1ef9 H\u01b0ng<\/strong>. Ch\u00fang t\u00f4i t\u00f4n tr\u1ecdng v\u00e0 cam k\u1ebft s\u1ebd b\u1ea3o m\u1eadt nh\u1eefng th\u00f4ng tin mang t\u00ednh ri\u00eang t\u01b0 c\u1ee7a kh\u00e1ch h\u00e0ng. Qu\u00fd kh\u00e1ch vui l\u00f2ng \u0111\u1ecdc b\u1ea3n &#8220;Ch\u00ednh s\u00e1ch b\u1ea3o m\u1eadt&#8221; d\u01b0\u1edbi \u0111\u00e2y \u0111\u1ec3 hi\u1ec3u h\u01a1n nh\u1eefng cam k\u1ebft m\u00e0 ch\u00fang t\u00f4i th\u1ef1c hi\u1ec7n.<\/p>\n\n\n\n<p><strong>1. M\u1ee5c \u0111\u00edch v\u00e0 ph\u1ea1m vi thu th\u1eadp th\u00f4ng tin<\/strong> \u0110\u1ec3 truy c\u1eadp v\u00e0 nh\u1eadn t\u01b0 v\u1ea5n chi ti\u1ebft v\u1ec1 d\u1ef1 \u00e1n b\u1ea5t \u0111\u1ed9ng s\u1ea3n t\u1eeb website, qu\u00fd kh\u00e1ch c\u00f3 th\u1ec3 \u0111\u01b0\u1ee3c y\u00eau c\u1ea7u \u0111\u0103ng k\u00fd th\u00f4ng tin c\u00e1 nh\u00e2n bao g\u1ed3m: H\u1ecd v\u00e0 t\u00ean, S\u1ed1 \u0111i\u1ec7n tho\u1ea1i, Email. M\u1ecdi th\u00f4ng tin khai b\u00e1o ph\u1ea3i \u0111\u1ea3m b\u1ea3o t\u00ednh ch\u00ednh x\u00e1c v\u00e0 h\u1ee3p ph\u00e1p. <strong><strong>C\u00f4ng ty TNHH Ph\u00e1t Tri\u1ec3n Ph\u00fa M\u1ef9 H\u01b0ng<\/strong><\/strong> kh\u00f4ng ch\u1ecbu m\u1ecdi tr\u00e1ch nhi\u1ec7m li\u00ean quan \u0111\u1ebfn ph\u00e1p lu\u1eadt c\u1ee7a th\u00f4ng tin khai b\u00e1o.<\/p>\n\n\n\n<p><strong>2. Ph\u1ea1m vi s\u1eed d\u1ee5ng th\u00f4ng tin<\/strong> Website thu th\u1eadp v\u00e0 s\u1eed d\u1ee5ng th\u00f4ng tin c\u00e1 nh\u00e2n qu\u00fd kh\u00e1ch v\u1edbi m\u1ee5c \u0111\u00edch ph\u00f9 h\u1ee3p v\u00e0 ho\u00e0n to\u00e0n tu\u00e2n th\u1ee7 n\u1ed9i dung c\u1ee7a &#8220;Ch\u00ednh s\u00e1ch b\u1ea3o m\u1eadt&#8221; n\u00e0y. C\u1ee5 th\u1ec3, th\u00f4ng tin c\u1ee7a qu\u00fd kh\u00e1ch s\u1ebd \u0111\u01b0\u1ee3c s\u1eed d\u1ee5ng \u0111\u1ec3:<\/p>\n\n\n\n<ul class=\"wp-block-list\">\n<li>Li\u00ean h\u1ec7 t\u01b0 v\u1ea5n tr\u1ef1c ti\u1ebfp v\u1ec1 d\u1ef1 \u00e1n, b\u00e1o gi\u00e1, ch\u00ednh s\u00e1ch b\u00e1n h\u00e0ng.<\/li>\n\n\n\n<li>G\u1eedi th\u00f4ng b\u00e1o v\u1ec1 ti\u1ebfn \u0111\u1ed9 d\u1ef1 \u00e1n, c\u00e1c ch\u01b0\u01a1ng tr\u00ecnh \u01b0u \u0111\u00e3i m\u1edbi nh\u1ea5t.<\/li>\n\n\n\n<li>Cung c\u1ea5p th\u00f4ng tin h\u1ed7 tr\u1ee3 th\u1ee7 t\u1ee5c mua b\u00e1n, ph\u00e1p l\u00fd li\u00ean quan.<\/li>\n<\/ul>\n\n\n\n<p><strong>3. Th\u1eddi gian l\u01b0u tr\u1eef th\u00f4ng tin<\/strong> D\u1eef li\u1ec7u c\u00e1 nh\u00e2n c\u1ee7a Th\u00e0nh vi\u00ean s\u1ebd \u0111\u01b0\u1ee3c l\u01b0u tr\u1eef cho \u0111\u1ebfn khi c\u00f3 y\u00eau c\u1ea7u h\u1ee7y b\u1ecf ho\u1eb7c t\u1ef1 th\u00e0nh vi\u00ean \u0111\u0103ng nh\u1eadp v\u00e0 th\u1ef1c hi\u1ec7n h\u1ee7y b\u1ecf. C\u00f2n l\u1ea1i trong m\u1ecdi tr\u01b0\u1eddng h\u1ee3p th\u00f4ng tin c\u00e1 nh\u00e2n th\u00e0nh vi\u00ean s\u1ebd \u0111\u01b0\u1ee3c b\u1ea3o m\u1eadt tr\u00ean m\u00e1y ch\u1ee7 c\u1ee7a <strong><strong>C\u00f4ng ty TNHH Ph\u00e1t Tri\u1ec3n Ph\u00fa M\u1ef9 H\u01b0ng<\/strong><\/strong>.<\/p>\n\n\n\n<p><strong>4. \u0110\u1ecba ch\u1ec9 c\u1ee7a \u0111\u01a1n v\u1ecb thu th\u1eadp v\u00e0 qu\u1ea3n l\u00fd th\u00f4ng tin<\/strong><\/p>\n\n\n\n<ul class=\"wp-block-list\">\n<li>C\u00f4ng ty: <strong><strong>C\u00f4ng ty TNHH Ph\u00e1t Tri\u1ec3n Ph\u00fa M\u1ef9 H\u01b0ng<\/strong><\/strong><\/li>\n\n\n\n<li>\u0110\u1ecba ch\u1ec9 tr\u1ee5 s\u1edf: <strong>L\u1ea7u 23, T\u00f2a nh\u00e0 Ph\u00fa M\u1ef9 H\u01b0ng, S\u1ed1 08 Ho\u00e0ng V\u0103n Th\u00e1i, P. T\u00e2n M\u1ef9, TP. HCM<\/strong><\/li>\n\n\n\n<li>S\u1ed1 \u0111i\u1ec7n tho\u1ea1i hotline: <strong>028 5411 888<\/strong><\/li>\n\n\n\n<li>Email: <strong>phumyhung@phumyhung.vn<\/strong><\/li>\n<\/ul>\n\n\n\n<p id=\"p-rc_ab4eb72d8714de71-23\"><strong>5. Cam k\u1ebft b\u1ea3o m\u1eadt th\u00f4ng tin c\u00e1 nh\u00e2n kh\u00e1ch h\u00e0ng<\/strong> <\/p>\n\n\n\n<p id=\"p-rc_ab4eb72d8714de71-23\">Th\u00f4ng tin c\u00e1 nh\u00e2n c\u1ee7a kh\u00e1ch h\u00e0ng tr\u00ean website \u0111\u01b0\u1ee3c <strong><strong>C\u00f4ng ty TNHH Ph\u00e1t Tri\u1ec3n Ph\u00fa M\u1ef9 H\u01b0ng<\/strong><\/strong> cam k\u1ebft b\u1ea3o m\u1eadt tuy\u1ec7t \u0111\u1ed1i theo ch\u00ednh s\u00e1ch b\u1ea3o v\u1ec7 th\u00f4ng tin c\u00e1 nh\u00e2n c\u1ee7a c\u00f4ng ty. Ch\u00fang t\u00f4i tuy\u1ec7t \u0111\u1ed1i kh\u00f4ng s\u1eed d\u1ee5ng, kh\u00f4ng chuy\u1ec3n giao, cung c\u1ea5p hay ti\u1ebft l\u1ed9 cho b\u00ean th\u1ee9 3 n\u00e0o v\u1ec1 th\u00f4ng tin c\u00e1 nh\u00e2n c\u1ee7a kh\u00e1ch h\u00e0ng khi kh\u00f4ng c\u00f3 s\u1ef1 cho ph\u00e9p \u0111\u1ed3ng \u00fd t\u1eeb kh\u00e1ch h\u00e0ng.<\/p>\n","protected":false},"excerpt":{"rendered":"<p>C\u00e1m \u01a1n qu\u00fd kh\u00e1ch \u0111\u00e3 quan t\u00e2m v\u00e0 truy c\u1eadp v\u00e0o website c\u1ee7a C\u00f4ng ty TNHH Ph\u00e1t Tri\u1ec3n Ph\u00fa M\u1ef9 H\u01b0ng. Ch\u00fang t\u00f4i t\u00f4n tr\u1ecdng v\u00e0 cam k\u1ebft s\u1ebd b\u1ea3o m\u1eadt nh\u1eefng th\u00f4ng tin mang t\u00ednh ri\u00eang t\u01b0 c\u1ee7a kh\u00e1ch h\u00e0ng. Qu\u00fd kh\u00e1ch vui l\u00f2ng \u0111\u1ecdc b\u1ea3n &#8220;Ch\u00ednh s\u00e1ch b\u1ea3o m\u1eadt&#8221; d\u01b0\u1edbi \u0111\u00e2y \u0111\u1ec3 hi\u1ec3u [&hellip;]<\/p>\n","protected":false},"author":1,"featured_media":0,"parent":0,"menu_order":0,"comment_status":"closed","ping_status":"closed","template":"","meta":{"_uag_custom_page_level_css":"","footnotes":""},"class_list":["post-4076","page","type-page","status-publish","hentry"],"uagb_featured_image_src":{"full":false,"thumbnail":false,"medium":false,"medium_large":false,"large":false,"1536x1536":false,"2048x2048":false},"uagb_author_info":{"display_name":"lienkhuong","author_link":"https:\/\/phumyhung.vn\/harmonie\/author\/lienkhuong\/"},"uagb_comment_info":0,"uagb_excerpt":"C\u00e1m \u01a1n qu\u00fd kh\u00e1ch \u0111\u00e3 quan t\u00e2m v\u00e0 truy c\u1eadp v\u00e0o website c\u1ee7a C\u00f4ng ty TNHH Ph\u00e1t Tri\u1ec3n Ph\u00fa M\u1ef9 H\u01b0ng. Ch\u00fang t\u00f4i t\u00f4n tr\u1ecdng v\u00e0 cam k\u1ebft s\u1ebd b\u1ea3o m\u1eadt nh\u1eefng th\u00f4ng tin mang t\u00ednh ri\u00eang t\u01b0 c\u1ee7a kh\u00e1ch h\u00e0ng. Qu\u00fd kh\u00e1ch vui l\u00f2ng \u0111\u1ecdc b\u1ea3n &#8220;Ch\u00ednh s\u00e1ch b\u1ea3o m\u1eadt&#8221; d\u01b0\u1edbi \u0111\u00e2y \u0111\u1ec3 hi\u1ec3u&hellip;","_links":{"self":[{"href":"https:\/\/phumyhung.vn\/harmonie\/wp-json\/wp\/v2\/pages\/4076","targetHints":{"allow":["GET"]}}],"collection":[{"href":"https:\/\/phumyhung.vn\/harmonie\/wp-json\/wp\/v2\/pages"}],"about":[{"href":"https:\/\/phumyhung.vn\/harmonie\/wp-json\/wp\/v2\/types\/page"}],"author":[{"embeddable":true,"href":"https:\/\/phumyhung.vn\/harmonie\/wp-json\/wp\/v2\/users\/1"}],"replies":[{"embeddable":true,"href":"https:\/\/phumyhung.vn\/harmonie\/wp-json\/wp\/v2\/comments?post=4076"}],"version-history":[{"count":1,"href":"https:\/\/phumyhung.vn\/harmonie\/wp-json\/wp\/v2\/pages\/4076\/revisions"}],"predecessor-version":[{"id":4077,"href":"https:\/\/phumyhung.vn\/harmonie\/wp-json\/wp\/v2\/pages\/4076\/revisions\/4077"}],"wp:attachment":[{"href":"https:\/\/phumyhung.vn\/harmonie\/wp-json\/wp\/v2\/media?parent=4076"}],"curies":[{"name":"wp","href":"https:\/\/api.w.org\/{rel}","templated":true}]}}