{"id":557,"date":"2018-07-11T18:43:42","date_gmt":"2018-07-11T11:43:42","guid":{"rendered":"https:\/\/phumyhung.vn\/hung-phuc-premier?page_id=557"},"modified":"2025-07-11T14:51:55","modified_gmt":"2025-07-11T07:51:55","slug":"lien-he","status":"publish","type":"page","link":"https:\/\/phumyhung.vn\/hung-phuc-premier\/lien-he","title":{"rendered":"Li\u00ean h\u1ec7"},"content":{"rendered":"<p>[vc_row full_width=&#8221;stretch_row_content_no_spaces&#8221;][vc_column][vc_single_image image=&#8221;182&#8243; img_size=&#8221;full&#8221; alignment=&#8221;center&#8221;][\/vc_column][\/vc_row][vc_row][vc_column width=&#8221;1\/2&#8243;][vc_column_text]<\/p>\n<h5>S\u00e0n Giao D\u1ecbch B\u00e2t \u0110\u1ed9ng S\u1ea3n Ph\u00fa M\u1ef9 H\u01b0ng<\/h5>\n<p>T\u1ea7ng tr\u1ec7t, Cao \u1ed1c Lawrence S. Ting, 801 Nguy\u1ec5n V\u0103n Linh, P. T\u00e2n M\u1ef9, TP.HCM<br \/>\nGi\u1edd l\u00e0m vi\u1ec7c: 8:00 ~ 19:00 C\u1ea3 Ch\u1ee7 Nh\u1eadt &amp; Ng\u00e0y L\u1ec5<br \/>\nTel: <a href=\"tel:+842854118888\"> (028) 5411 8888 <\/a> \u2013 Email: <a href=\"mailto:phumyhung@phumyhung.vn\">phumyhung@phumhung.vn<br \/>\n<\/a> <a href=\"https:\/\/www.google.com\/maps\/place\/S%C3%A0n+giao+d%E1%BB%8Bch+b%E1%BA%A5t+%C4%91%E1%BB%99ng+s%E1%BA%A3n+Ph%C3%BA+M%E1%BB%B9+H%C6%B0ng\/@10.730354,106.7178835,17z\/data=!3m1!4b1!4m5!3m4!1s0x31752f890139d2e1:0xc66992f46912bb45!8m2!3d10.730354!4d106.7200722\">Xem b\u1ea3n \u0111\u1ed3<\/a><\/p>\n<hr class=\"\" style=\"margin: 0 auto 10px;\"\/>\n\n<h5><b>Sales Gallery<\/b><\/h5>\n<p>L\u00f4 \u0111\u1ea5t M3, \u0110\u01b0\u1eddng Tr\u1ea7n V\u0103n Tr\u00e0, P. T\u00e2n M\u1ef9, TP.HCM<br \/>\n\u0110T: <a href=\"tel:+84285411888\">(028) 5411 8888 <\/a> \u2013 <a href=\"https:\/\/www.google.com.vn\/search?q=nham%20mau%20phu%20my%20hung&amp;oq=nham+mau+phu+my+hung&amp;aqs=chrome..69i57j0.4127j0j4&amp;sourceid=chrome&amp;ie=UTF-8&amp;npsic=0&amp;rflfq=1&amp;rlha=0&amp;rllag=10725773,106727116,193&amp;tbm=lcl&amp;rldimm=7566553881053091647&amp;ved=0ahUKEwiuvIav68_XAhWK2LwKHQVUAaoQvS4IQjAA&amp;rldoc=1&amp;tbs=lrf:!2m1!1e2!2m1!1e3!3sIAE,lf:1,lf_ui:2#rlfi=hd:;si:2604978987409088297;mv:!1m3!1d4843.988663923339!2d106.72779464683526!3d10.726087600597694!3m2!1i972!2i949!4f13.1\">Xem b\u1ea3n \u0111\u1ed3<\/a><\/p>\n<p><hr class=\"\" style=\"margin: 0 auto 10px;\"\/>\n[\/vc_column_text][\/vc_column][vc_column width=&#8221;1\/2&#8243;][vc_raw_html]JTNDaWZyYW1lJTIwc3JjJTNEJTIyaHR0cHMlM0ElMkYlMkZ3d3cuZ29vZ2xlLmNvbSUyRm1hcHMlMkZlbWJlZCUzRnBiJTNEJTIxMW0xNCUyMTFtOCUyMTFtMyUyMTFkMTU2ODAuMjE0MTY0MDMzOTY3JTIxMmQxMDYuNzIwMDcyMiUyMTNkMTAuNzMwMzU0JTIxM20yJTIxMWkxMDI0JTIxMmk3NjglMjE0ZjEzLjElMjEzbTMlMjExbTIlMjExczB4MCUyNTNBMHhjNjY5OTJmNDY5MTJiYjQ1JTIxMnpVOE9nYmlCbmFXRnZJR1RodTR0amFDQmk0YnFsZENERWtlRzdtVzVuSUhQaHVxTnVJRkJvdzdvZ1RlRzd1U0JJeHJCdVp3JTIxNWUwJTIxM20yJTIxMXN2aSUyMTJzJTIxNHYxNTI2OTgyNTgzODA1JTIyJTIwd2lkdGglM0QlMjIxMDAlMjUlMjIlMjBoZWlnaHQlM0QlMjI0NTAlMjIlMjBmcmFtZWJvcmRlciUzRCUyMjAlMjIlMjBzdHlsZSUzRCUyMmJvcmRlciUzQTAlMjIlMjBhbGxvd2Z1bGxzY3JlZW4lM0UlM0MlMkZpZnJhbWUlM0U=[\/vc_raw_html][\/vc_column][\/vc_row]<\/p>\n","protected":false},"excerpt":{"rendered":"<p>[vc_row full_width=&#8221;stretch_row_content_no_spaces&#8221;][vc_column][vc_single_image image=&#8221;182&#8243; img_size=&#8221;full&#8221; alignment=&#8221;center&#8221;][\/vc_column][\/vc_row][vc_row][vc_column width=&#8221;1\/2&#8243;][vc_column_text] S\u00e0n Giao D\u1ecbch B\u00e2t \u0110\u1ed9ng S\u1ea3n Ph\u00fa M\u1ef9 H\u01b0ng T\u1ea7ng tr\u1ec7t, Cao \u1ed1c Lawrence S. Ting, 801 Nguy\u1ec5n V\u0103n Linh,<span class=\"excerpt-hellip\"> [\u2026]<\/span><\/p>\n","protected":false},"author":1,"featured_media":0,"parent":0,"menu_order":0,"comment_status":"closed","ping_status":"closed","template":"","meta":{"inline_featured_image":false,"footnotes":""},"class_list":["post-557","page","type-page","status-publish","hentry"],"yoast_head":"<!-- This site is optimized with the Yoast SEO plugin v25.6 - https:\/\/yoast.com\/wordpress\/plugins\/seo\/ -->\n<title>Li\u00ean h\u1ec7 - H\u01b0ng Ph\u00fac Happy Residence Premier<\/title>\n<meta name=\"robots\" content=\"index, follow, max-snippet:-1, max-image-preview:large, max-video-preview:-1\" \/>\n<link rel=\"canonical\" href=\"https:\/\/phumyhung.vn\/hung-phuc-premier\/lien-he\" \/>\n<meta property=\"og:locale\" content=\"vi_VN\" \/>\n<meta property=\"og:type\" content=\"article\" \/>\n<meta property=\"og:title\" content=\"Li\u00ean h\u1ec7 - H\u01b0ng Ph\u00fac Happy Residence Premier\" \/>\n<meta property=\"og:description\" content=\"[vc_row full_width=&#8221;stretch_row_content_no_spaces&#8221;][vc_column][vc_single_image image=&#8221;182&#8243; img_size=&#8221;full&#8221; alignment=&#8221;center&#8221;][\/vc_column][\/vc_row][vc_row][vc_column width=&#8221;1\/2&#8243;][vc_column_text] S\u00e0n Giao D\u1ecbch B\u00e2t \u0110\u1ed9ng S\u1ea3n Ph\u00fa M\u1ef9 H\u01b0ng T\u1ea7ng tr\u1ec7t, Cao \u1ed1c Lawrence S. Ting, 801 Nguy\u1ec5n V\u0103n Linh, [\u2026]\" \/>\n<meta property=\"og:url\" content=\"https:\/\/phumyhung.vn\/hung-phuc-premier\/lien-he\" \/>\n<meta property=\"og:site_name\" content=\"H\u01b0ng Ph\u00fac Happy Residence Premier\" \/>\n<meta property=\"article:publisher\" content=\"https:\/\/www.facebook.com\/phumyhungcitycenter\" \/>\n<meta property=\"article:modified_time\" content=\"2025-07-11T07:51:55+00:00\" \/>\n<meta name=\"twitter:card\" content=\"summary_large_image\" \/>\n<meta name=\"twitter:label1\" content=\"Est. reading time\" \/>\n\t<meta name=\"twitter:data1\" content=\"1 minute\" \/>\n<script type=\"application\/ld+json\" class=\"yoast-schema-graph\">{\"@context\":\"https:\/\/schema.org\",\"@graph\":[{\"@type\":\"WebPage\",\"@id\":\"https:\/\/phumyhung.vn\/hung-phuc-premier\/lien-he\",\"url\":\"https:\/\/phumyhung.vn\/hung-phuc-premier\/lien-he\",\"name\":\"Li\u00ean h\u1ec7 - H\u01b0ng Ph\u00fac Happy Residence Premier\",\"isPartOf\":{\"@id\":\"https:\/\/phumyhung.vn\/hung-phuc-premier\/#website\"},\"datePublished\":\"2018-07-11T11:43:42+00:00\",\"dateModified\":\"2025-07-11T07:51:55+00:00\",\"breadcrumb\":{\"@id\":\"https:\/\/phumyhung.vn\/hung-phuc-premier\/lien-he#breadcrumb\"},\"inLanguage\":\"vi-VN\",\"potentialAction\":[{\"@type\":\"ReadAction\",\"target\":[\"https:\/\/phumyhung.vn\/hung-phuc-premier\/lien-he\"]}]},{\"@type\":\"BreadcrumbList\",\"@id\":\"https:\/\/phumyhung.vn\/hung-phuc-premier\/lien-he#breadcrumb\",\"itemListElement\":[{\"@type\":\"ListItem\",\"position\":1,\"name\":\"Home\",\"item\":\"https:\/\/phumyhung.vn\/hung-phuc-premier\"},{\"@type\":\"ListItem\",\"position\":2,\"name\":\"Li\u00ean h\u1ec7\"}]},{\"@type\":\"WebSite\",\"@id\":\"https:\/\/phumyhung.vn\/hung-phuc-premier\/#website\",\"url\":\"https:\/\/phumyhung.vn\/hung-phuc-premier\/\",\"name\":\"H\u01b0ng Ph\u00fac Happy Residence Premier - Ph\u00fa M\u1ef9 H\u01b0ng\",\"description\":\"\",\"publisher\":{\"@id\":\"https:\/\/phumyhung.vn\/hung-phuc-premier\/#organization\"},\"potentialAction\":[{\"@type\":\"SearchAction\",\"target\":{\"@type\":\"EntryPoint\",\"urlTemplate\":\"https:\/\/phumyhung.vn\/hung-phuc-premier\/?s={search_term_string}\"},\"query-input\":{\"@type\":\"PropertyValueSpecification\",\"valueRequired\":true,\"valueName\":\"search_term_string\"}}],\"inLanguage\":\"vi-VN\"},{\"@type\":\"Organization\",\"@id\":\"https:\/\/phumyhung.vn\/hung-phuc-premier\/#organization\",\"name\":\"H\u01b0ng Ph\u00fac Happy Residence Premier\",\"url\":\"https:\/\/phumyhung.vn\/hung-phuc-premier\/\",\"logo\":{\"@type\":\"ImageObject\",\"inLanguage\":\"vi-VN\",\"@id\":\"https:\/\/phumyhung.vn\/hung-phuc-premier\/#\/schema\/logo\/image\/\",\"url\":\"https:\/\/phumyhung.vn\/hung-phuc-premier\/wp-content\/uploads\/2018\/06\/logo-hung-phuc-premier.png\",\"contentUrl\":\"https:\/\/phumyhung.vn\/hung-phuc-premier\/wp-content\/uploads\/2018\/06\/logo-hung-phuc-premier.png\",\"width\":250,\"height\":139,\"caption\":\"H\u01b0ng Ph\u00fac Happy Residence Premier\"},\"image\":{\"@id\":\"https:\/\/phumyhung.vn\/hung-phuc-premier\/#\/schema\/logo\/image\/\"},\"sameAs\":[\"https:\/\/www.facebook.com\/phumyhungcitycenter\",\"https:\/\/www.youtube.com\/channel\/UCqpdJgWpZl5dc8SqiEU2gbQ\"]}]}<\/script>\n<!-- \/ Yoast SEO plugin. -->","yoast_head_json":{"title":"Li\u00ean h\u1ec7 - H\u01b0ng Ph\u00fac Happy Residence Premier","robots":{"index":"index","follow":"follow","max-snippet":"max-snippet:-1","max-image-preview":"max-image-preview:large","max-video-preview":"max-video-preview:-1"},"canonical":"https:\/\/phumyhung.vn\/hung-phuc-premier\/lien-he","og_locale":"vi_VN","og_type":"article","og_title":"Li\u00ean h\u1ec7 - H\u01b0ng Ph\u00fac Happy Residence Premier","og_description":"[vc_row full_width=&#8221;stretch_row_content_no_spaces&#8221;][vc_column][vc_single_image image=&#8221;182&#8243; img_size=&#8221;full&#8221; alignment=&#8221;center&#8221;][\/vc_column][\/vc_row][vc_row][vc_column width=&#8221;1\/2&#8243;][vc_column_text] S\u00e0n Giao D\u1ecbch B\u00e2t \u0110\u1ed9ng S\u1ea3n Ph\u00fa M\u1ef9 H\u01b0ng T\u1ea7ng tr\u1ec7t, Cao \u1ed1c Lawrence S. Ting, 801 Nguy\u1ec5n V\u0103n Linh, [\u2026]","og_url":"https:\/\/phumyhung.vn\/hung-phuc-premier\/lien-he","og_site_name":"H\u01b0ng Ph\u00fac Happy Residence Premier","article_publisher":"https:\/\/www.facebook.com\/phumyhungcitycenter","article_modified_time":"2025-07-11T07:51:55+00:00","twitter_card":"summary_large_image","twitter_misc":{"Est. reading time":"1 minute"},"schema":{"@context":"https:\/\/schema.org","@graph":[{"@type":"WebPage","@id":"https:\/\/phumyhung.vn\/hung-phuc-premier\/lien-he","url":"https:\/\/phumyhung.vn\/hung-phuc-premier\/lien-he","name":"Li\u00ean h\u1ec7 - H\u01b0ng Ph\u00fac Happy Residence Premier","isPartOf":{"@id":"https:\/\/phumyhung.vn\/hung-phuc-premier\/#website"},"datePublished":"2018-07-11T11:43:42+00:00","dateModified":"2025-07-11T07:51:55+00:00","breadcrumb":{"@id":"https:\/\/phumyhung.vn\/hung-phuc-premier\/lien-he#breadcrumb"},"inLanguage":"vi-VN","potentialAction":[{"@type":"ReadAction","target":["https:\/\/phumyhung.vn\/hung-phuc-premier\/lien-he"]}]},{"@type":"BreadcrumbList","@id":"https:\/\/phumyhung.vn\/hung-phuc-premier\/lien-he#breadcrumb","itemListElement":[{"@type":"ListItem","position":1,"name":"Home","item":"https:\/\/phumyhung.vn\/hung-phuc-premier"},{"@type":"ListItem","position":2,"name":"Li\u00ean h\u1ec7"}]},{"@type":"WebSite","@id":"https:\/\/phumyhung.vn\/hung-phuc-premier\/#website","url":"https:\/\/phumyhung.vn\/hung-phuc-premier\/","name":"H\u01b0ng Ph\u00fac Happy Residence Premier - Ph\u00fa M\u1ef9 H\u01b0ng","description":"","publisher":{"@id":"https:\/\/phumyhung.vn\/hung-phuc-premier\/#organization"},"potentialAction":[{"@type":"SearchAction","target":{"@type":"EntryPoint","urlTemplate":"https:\/\/phumyhung.vn\/hung-phuc-premier\/?s={search_term_string}"},"query-input":{"@type":"PropertyValueSpecification","valueRequired":true,"valueName":"search_term_string"}}],"inLanguage":"vi-VN"},{"@type":"Organization","@id":"https:\/\/phumyhung.vn\/hung-phuc-premier\/#organization","name":"H\u01b0ng Ph\u00fac Happy Residence Premier","url":"https:\/\/phumyhung.vn\/hung-phuc-premier\/","logo":{"@type":"ImageObject","inLanguage":"vi-VN","@id":"https:\/\/phumyhung.vn\/hung-phuc-premier\/#\/schema\/logo\/image\/","url":"https:\/\/phumyhung.vn\/hung-phuc-premier\/wp-content\/uploads\/2018\/06\/logo-hung-phuc-premier.png","contentUrl":"https:\/\/phumyhung.vn\/hung-phuc-premier\/wp-content\/uploads\/2018\/06\/logo-hung-phuc-premier.png","width":250,"height":139,"caption":"H\u01b0ng Ph\u00fac Happy Residence Premier"},"image":{"@id":"https:\/\/phumyhung.vn\/hung-phuc-premier\/#\/schema\/logo\/image\/"},"sameAs":["https:\/\/www.facebook.com\/phumyhungcitycenter","https:\/\/www.youtube.com\/channel\/UCqpdJgWpZl5dc8SqiEU2gbQ"]}]}},"_links":{"self":[{"href":"https:\/\/phumyhung.vn\/hung-phuc-premier\/wp-json\/wp\/v2\/pages\/557"}],"collection":[{"href":"https:\/\/phumyhung.vn\/hung-phuc-premier\/wp-json\/wp\/v2\/pages"}],"about":[{"href":"https:\/\/phumyhung.vn\/hung-phuc-premier\/wp-json\/wp\/v2\/types\/page"}],"author":[{"embeddable":true,"href":"https:\/\/phumyhung.vn\/hung-phuc-premier\/wp-json\/wp\/v2\/users\/1"}],"replies":[{"embeddable":true,"href":"https:\/\/phumyhung.vn\/hung-phuc-premier\/wp-json\/wp\/v2\/comments?post=557"}],"version-history":[{"count":6,"href":"https:\/\/phumyhung.vn\/hung-phuc-premier\/wp-json\/wp\/v2\/pages\/557\/revisions"}],"predecessor-version":[{"id":1668,"href":"https:\/\/phumyhung.vn\/hung-phuc-premier\/wp-json\/wp\/v2\/pages\/557\/revisions\/1668"}],"wp:attachment":[{"href":"https:\/\/phumyhung.vn\/hung-phuc-premier\/wp-json\/wp\/v2\/media?parent=557"}],"curies":[{"name":"wp","href":"https:\/\/api.w.org\/{rel}","templated":true}]}}