{"id":1945,"date":"2025-02-20T17:15:52","date_gmt":"2025-02-20T10:15:52","guid":{"rendered":"https:\/\/phumyhung.vn\/shop\/?page_id=1945"},"modified":"2025-03-20T14:49:36","modified_gmt":"2025-03-20T07:49:36","slug":"shop-khu-ho-ban-nguyet","status":"publish","type":"page","link":"https:\/\/phumyhung.vn\/shop\/shop-khu-ho-ban-nguyet\/","title":{"rendered":"Shop khu H\u1ed3 B\u00e1n Nguy\u1ec7t"},"content":{"rendered":"\t\t<div data-elementor-type=\"wp-page\" data-elementor-id=\"1945\" class=\"elementor elementor-1945\" data-elementor-post-type=\"page\">\n\t\t\t\t<div class=\"elementor-element elementor-element-11d06d07 e-flex e-con-boxed e-con e-parent\" data-id=\"11d06d07\" data-element_type=\"container\" data-e-type=\"container\" data-settings=\"{&quot;background_background&quot;:&quot;classic&quot;}\">\n\t\t\t\t\t<div class=\"e-con-inner\">\n\t\t\t\t\t<\/div>\n\t\t\t\t<\/div>\n\t\t<div class=\"elementor-element elementor-element-44428b81 e-flex e-con-boxed e-con e-parent\" data-id=\"44428b81\" data-element_type=\"container\" data-e-type=\"container\">\n\t\t\t\t\t<div class=\"e-con-inner\">\n\t\t<div class=\"elementor-element elementor-element-1f1ef13f e-con-full e-flex elementor-invisible e-con e-child\" data-id=\"1f1ef13f\" data-element_type=\"container\" data-e-type=\"container\" data-settings=\"{&quot;background_background&quot;:&quot;classic&quot;,&quot;animation&quot;:&quot;fadeInUp&quot;}\">\n\t\t\t\t<div class=\"elementor-element elementor-element-308c6f69 elementor-widget elementor-widget-heading\" data-id=\"308c6f69\" data-element_type=\"widget\" data-e-type=\"widget\" data-widget_type=\"heading.default\">\n\t\t\t\t<div class=\"elementor-widget-container\">\n\t\t\t\t\t<h2 class=\"elementor-heading-title elementor-size-default\">TR\u00c1I TIM H\u1ed2 B\u00c1N NGUY\u1ec6T \u2013 TRUNG T\u00c2M D\u1ecaCH V\u1ee4 T\u1ea6M V\u00d3C TI\u00caU CHU\u1ea8N QU\u1ed0C T\u1ebe<\/h2>\t\t\t\t<\/div>\n\t\t\t\t<\/div>\n\t\t\t\t<div class=\"elementor-element elementor-element-3ee182f6 elementor-widget elementor-widget-text-editor\" data-id=\"3ee182f6\" data-element_type=\"widget\" data-e-type=\"widget\" data-widget_type=\"text-editor.default\">\n\t\t\t\t<div class=\"elementor-widget-container\">\n\t\t\t\t\t\t\t\t\t<p>V\u1edbi di\u1ec7n t\u00edch h\u01a1n 20ha, <b>Khu H\u1ed3 B\u00e1n Nguy\u1ec7t<\/b> \u0111\u01b0\u1ee3c ch\u1ecdn l\u00e0 v\u00f9ng l\u00f5i trong 8 khu ch\u1ee9c n\u0103ng c\u1ee7a \u0111\u00f4 th\u1ecb Ph\u00fa M\u1ef9 H\u01b0ng.<\/p><p>T\u1ea1i Khu H\u1ed3 B\u00e1n Nguy\u1ec7t, ngo\u00e0i s\u1ef1 hi\u1ec7n di\u1ec7n c\u1ee7a Crescent Mall &#8211; Trung t\u00e2m mua s\u1eafm th\u01b0\u01a1ng m\u1ea1i thu\u1ed9c \u201ctop\u201d l\u1edbn nh\u1ea5t Vi\u1ec7t Nam, t\u00f2a nh\u00e0 v\u0103n ph\u00f2ng h\u1ea1ng A Ph\u00fa M\u1ef9 H\u01b0ng Tower, hay cung \u0111\u01b0\u1eddng H\u1ed3 B\u00e1n Nguy\u1ec7t, C\u1ea7u \u00c1nh Sao nh\u1eefng \u0111\u1ecba danh n\u1ed5i ti\u1ebfng v\u00e0 \u0111\u1ed9c nh\u1ea5t TP.HCM,\u2026h\u1ea7u h\u1ebft c\u00e1c khu c\u0103n h\u1ed9 \u0111\u1ec1u cho thu\u00ea, ch\u1ec9 duy nh\u1ea5t The Horizon \u0111\u01b0\u1ee3c b\u00e1n ra th\u1ecb tr\u01b0\u1eddng. V\u00ec th\u1ebf, t\u1ef7 l\u1ec7 ng\u01b0\u1eddi n\u01b0\u1edbc ngo\u00e0i sinh s\u1ed1ng t\u1ea1i khu H\u1ed3 B\u00e1n Nguy\u1ec7t lu\u00f4n v\u01b0\u1ee3t tr\u1ed9i so v\u1edbi b\u00ecnh qu\u00e2n to\u00e0n khu \u0111\u00f4 th\u1ecb, c\u1ee5 th\u1ec3 t\u1ea1i H\u1ed3 B\u00e1n Nguy\u1ec7t c\u00f3 \u0111\u1ebfn 95% l\u00e0 ng\u01b0\u1eddi n\u01b0\u1edbc ngo\u00e0i.<\/p><p>K\u1ebft n\u1ed1i li\u00ean ho\u00e0n v\u1edbi Khu K\u00eanh \u0110\u00e0o (CN &#8211; Canal) H\u1ed3 B\u00e1n Nguy\u1ec7t, C\u1ea7u \u00c1nh Sao d\u1ecdc theo ph\u1ed1 T\u00f4n D\u1eadt Ti\u00ean d\u00e0i h\u01a1n 1.500m t\u1ea1o n\u00ean <strong>CHU\u1ed6I \u0110\u1ecaA DANH \u0110\u1ed8C NH\u1ea4T V\u00d4 NH\u1eca t\u1ea1i \u1edf TP.HCM. <\/strong>\u0110\u00e2y c\u0169ng l\u00e0 tr\u1ee5c \u201ct\u1ecda \u0111\u1ed9 tri\u1ec7u \u0111\u00f4\u201d c\u1ee7a nh\u1eefng b\u1ea5t \u0111\u1ed9ng s\u1ea3n c\u0103n h\u1ed9 h\u1ea1ng sang v\u00e0 si\u00eau sang c\u1ee7a Ph\u00fa M\u1ef9 H\u01b0ng trong chi\u1ebfn l\u01b0\u1ee3c \u0111\u00f4 th\u1ecb 2.0.<\/p><p>Quy ho\u1ea1ch, \u0111\u1ecbnh v\u1ecb v\u00e0 chi\u1ebfn l\u01b0\u1ee3c ph\u00e1t tri\u1ec3n c\u1ee7a ch\u1ee7 \u0111\u1ea7u t\u01b0 \u0111\u00e3 h\u00ecnh th\u00e0nh m\u1ed9t Tr\u00e1i tim \u0111\u00f4 th\u1ecb &#8211; Trung t\u00e2m d\u1ecbch v\u1ee5 v\u1edbi t\u1ea7m v\u00f3c ti\u00eau chu\u1ea9n qu\u1ed1c t\u1ebf. \u0110i\u1ec1u n\u00e0y, c\u0169ng c\u00f3 ngh\u0129a, c\u00e1c doanh nghi\u1ec7p khi xu\u1ea5t hi\u1ec7n t\u1ea1i \u0111\u00e2y \u0111\u1ec1u c\u00f3 th\u1ec3 \u0111\u1ea1t \u0111\u01b0\u1ee3c c\u00e1c m\u1ee5c ti\u00eau v\u1ec1 th\u01b0\u01a1ng hi\u1ec7u, kinh doanh v\u00e0 ti\u1ebfp c\u1eadn ngu\u1ed3n kh\u00e1ch ch\u1ea5t l\u01b0\u1ee3ng cao \u201cniche\u201d l\u1ea1i v\u1eeba ti\u1ebfp c\u1eadn ngu\u1ed3n kh\u00e1ch v\u00e3ng lai c\u1ef1c l\u1edbn. Ch\u1ec9 t\u00ednh ri\u00eang c\u00e1c s\u1ef1 ki\u1ec7n l\u1ec5 h\u1ed9i th\u01b0\u1eddng ni\u00ean, l\u01b0\u1ee3ng kh\u00e1ch \u0111\u1ebfn H\u1ed3 B\u00e1n Nguy\u1ec7t trung b\u00ecnh 1,2 tri\u1ec7u l\u01b0\u1ee3t m\u1ed7i n\u0103m. V\u00ec th\u1ebf kh\u00f4ng kh\u00f3 \u0111\u1ec3 l\u00fd gi\u1ea3i v\u00ec sao c\u00e1c th\u01b0\u01a1ng hi\u1ec7u th\u01b0\u01a1ng m\u1ea1i, \u1ea9m th\u1ef1c, d\u1ecbch v\u1ee5 n\u1ed5i ti\u1ebfng qu\u1ed1c t\u1ebf trong v\u00e0 ngo\u00e0i n\u01b0\u1edbc \u1edf ph\u00e2n kh\u00fac chi ti\u00eau t\u1eeb trung l\u01b0u tr\u1edf l\u00ean \u0111\u1ec1u xu\u1ea5t hi\u1ec7n t\u1ea1i Khu H\u1ed3 B\u00e1n Nguy\u1ec7t.<\/p>\t\t\t\t\t\t\t\t<\/div>\n\t\t\t\t<\/div>\n\t\t\t\t<\/div>\n\t\t\t\t\t<\/div>\n\t\t\t\t<\/div>\n\t\t<div class=\"elementor-element elementor-element-30e495b1 e-flex e-con-boxed e-con e-parent\" data-id=\"30e495b1\" data-element_type=\"container\" data-e-type=\"container\">\n\t\t\t\t\t<div class=\"e-con-inner\">\n\t\t\t\t<div class=\"elementor-element elementor-element-125f915a elementor-widget elementor-widget-bdt-tabs\" data-id=\"125f915a\" data-element_type=\"widget\" data-e-type=\"widget\" data-widget_type=\"bdt-tabs.default\">\n\t\t\t\t<div class=\"elementor-widget-container\">\n\t\t\t\t\t\n\n        <div class=\"bdt-tabs-area\">\n\n            <div id=\"bdt-tabs-125f915a\" class=\"bdt-tabs  bdt-tabs-default\" data-settings=\"{&quot;id&quot;:&quot;bdt-tabs-125f915a&quot;,&quot;hashTopOffset&quot;:70,&quot;hashScrollspyTime&quot;:1500,&quot;navStickyOffset&quot;:1,&quot;linkWidgetId&quot;:&quot;125f915a&quot;}\">\n                \n                \n                        <div class=\"bdt-tab-wrapper bdt-flex bdt-flex-center\">\n            <div >\n                <div class=\"bdt-tab bdt-tab-default  bdt-flex bdt-flex-center\" data-bdt-tab=\"connect: #bdt-tab-content-125f915a; swiping: false;\" data-bdt-height-match=\"target: &gt; .bdt-tabs-item &gt; .bdt-tabs-item-title; row: false;\">\n                                            <div class=\"bdt-tabs-item\">\n                            <a data-title=\"Shop-Khu-H\u1ed3-B\u00e1n-Nguy\u1ec7t\" class=\"bdt-tabs-item-title\" id=\"bdt-tab-Shop-Khu-H\u1ed3-B\u00e1n-Nguy\u1ec7t\" data-tab-index=\"0\" href=\"#\">\n                                <div class=\"bdt-tab-text-wrapper bdt-flex-column\">\n\n                                    <div class=\"bdt-tab-title-icon-wrapper\">\n\n                                        \n                                                                                    <span class=\"bdt-tab-text\">\n                                                Shop Khu H\u1ed3 B\u00e1n Nguy\u1ec7t                                            <\/span>\n                                        \n                                        \n                                    <\/div>\n\n                                    \n                                <\/div>\n                            <\/a>\n                        <\/div>\n                                    <\/div>\n            <\/div>\n        <\/div>\n\n\n                                    \n        <div class=\"bdt-switcher-wrapper\">\n            <div id=\"bdt-tab-content-125f915a\" class=\"bdt-switcher bdt-switcher-item-content\">\n                                                        <div class=\"bdt-tab-content-item \" data-content-id=\"shop-khu-h-b-n-nguy-t\">\n                        <div>\n                            \t\t<div data-elementor-type=\"section\" data-elementor-id=\"1929\" class=\"elementor elementor-1929\" data-elementor-post-type=\"elementor_library\">\n\t\t\t<div class=\"elementor-element elementor-element-6de52044 e-flex e-con-boxed e-con e-parent\" data-id=\"6de52044\" data-element_type=\"container\" data-e-type=\"container\">\n\t\t\t\t\t<div class=\"e-con-inner\">\n\t\t<div class=\"elementor-element elementor-element-79464a22 e-flex e-con-boxed e-con e-child\" data-id=\"79464a22\" data-element_type=\"container\" data-e-type=\"container\" data-settings=\"{&quot;background_background&quot;:&quot;classic&quot;}\">\n\t\t\t\t\t<div class=\"e-con-inner\">\n\t\t<div class=\"elementor-element elementor-element-5da8f8c0 e-flex e-con-boxed e-con e-child\" data-id=\"5da8f8c0\" data-element_type=\"container\" data-e-type=\"container\">\n\t\t\t\t\t<div class=\"e-con-inner\">\n\t\t<div class=\"elementor-element elementor-element-508b0a13 e-con-full e-flex e-con e-child\" data-id=\"508b0a13\" data-element_type=\"container\" data-e-type=\"container\">\n\t\t\t\t<div class=\"elementor-element elementor-element-6ffd083f elementor-widget elementor-widget-image\" data-id=\"6ffd083f\" data-element_type=\"widget\" data-e-type=\"widget\" data-widget_type=\"image.default\">\n\t\t\t\t<div class=\"elementor-widget-container\">\n\t\t\t\t\t\t\t\t\t\t\t\t\t\t\t\t<a href=\"https:\/\/phumyhung.vn\/shop\/wp-content\/uploads\/2025\/02\/the-horizon.jpg\" data-elementor-open-lightbox=\"yes\" data-elementor-lightbox-title=\"the horizon\" data-e-action-hash=\"#elementor-action%3Aaction%3Dlightbox%26settings%3DeyJpZCI6MTg5NiwidXJsIjoiaHR0cHM6XC9cL3BodW15aHVuZy52blwvc2hvcFwvd3AtY29udGVudFwvdXBsb2Fkc1wvMjAyNVwvMDJcL3RoZS1ob3Jpem9uLmpwZyJ9\">\n\t\t\t\t\t\t\t<img fetchpriority=\"high\" decoding=\"async\" width=\"2048\" height=\"1563\" src=\"https:\/\/phumyhung.vn\/shop\/wp-content\/uploads\/2025\/02\/the-horizon.jpg\" class=\"attachment-full size-full wp-image-1896\" alt=\"\" srcset=\"https:\/\/phumyhung.vn\/shop\/wp-content\/uploads\/2025\/02\/the-horizon.jpg 2048w, https:\/\/phumyhung.vn\/shop\/wp-content\/uploads\/2025\/02\/the-horizon-300x229.jpg 300w, https:\/\/phumyhung.vn\/shop\/wp-content\/uploads\/2025\/02\/the-horizon-1024x782.jpg 1024w, https:\/\/phumyhung.vn\/shop\/wp-content\/uploads\/2025\/02\/the-horizon-768x586.jpg 768w, https:\/\/phumyhung.vn\/shop\/wp-content\/uploads\/2025\/02\/the-horizon-1536x1172.jpg 1536w\" sizes=\"(max-width: 2048px) 100vw, 2048px\" \/>\t\t\t\t\t\t\t\t<\/a>\n\t\t\t\t\t\t\t\t\t\t\t\t\t\t\t<\/div>\n\t\t\t\t<\/div>\n\t\t\t\t<\/div>\n\t\t<div class=\"elementor-element elementor-element-52efede5 e-flex e-con-boxed e-con e-child\" data-id=\"52efede5\" data-element_type=\"container\" data-e-type=\"container\">\n\t\t\t\t\t<div class=\"e-con-inner\">\n\t\t\t\t<div class=\"elementor-element elementor-element-580dd67f elementor-widget elementor-widget-google_maps\" data-id=\"580dd67f\" data-element_type=\"widget\" data-e-type=\"widget\" data-widget_type=\"google_maps.default\">\n\t\t\t\t<div class=\"elementor-widget-container\">\n\t\t\t\t\t\t\t<div class=\"elementor-custom-embed\">\n\t\t\t<iframe loading=\"lazy\"\n\t\t\t\t\tsrc=\"https:\/\/maps.google.com\/maps?q=H%E1%BB%93%20b%C3%A1n%20nguy%E1%BB%87t&#038;t=m&#038;z=14&#038;output=embed&#038;iwloc=near\"\n\t\t\t\t\ttitle=\"H\u1ed3 b\u00e1n nguy\u1ec7t\"\n\t\t\t\t\taria-label=\"H\u1ed3 b\u00e1n nguy\u1ec7t\"\n\t\t\t><\/iframe>\n\t\t<\/div>\n\t\t\t\t\t\t<\/div>\n\t\t\t\t<\/div>\n\t\t\t\t\t<\/div>\n\t\t\t\t<\/div>\n\t\t\t\t\t<\/div>\n\t\t\t\t<\/div>\n\t\t<div class=\"elementor-element elementor-element-576e6d01 e-flex e-con-boxed e-con e-child\" data-id=\"576e6d01\" data-element_type=\"container\" data-e-type=\"container\">\n\t\t\t\t\t<div class=\"e-con-inner\">\n\t\t\t\t<div class=\"elementor-element elementor-element-2c5281ad elementor-widget elementor-widget-image\" data-id=\"2c5281ad\" data-element_type=\"widget\" data-e-type=\"widget\" data-widget_type=\"image.default\">\n\t\t\t\t<div class=\"elementor-widget-container\">\n\t\t\t\t\t\t\t\t\t\t\t\t<figure class=\"wp-caption\">\n\t\t\t\t\t\t\t\t\t\t\t<a href=\"https:\/\/phumyhung.vn\/shop\/wp-content\/uploads\/2025\/02\/shop-the-horizon.jpg\" data-elementor-open-lightbox=\"yes\" data-elementor-lightbox-title=\"shop the horizon\" data-e-action-hash=\"#elementor-action%3Aaction%3Dlightbox%26settings%3DeyJpZCI6MTk0NywidXJsIjoiaHR0cHM6XC9cL3BodW15aHVuZy52blwvc2hvcFwvd3AtY29udGVudFwvdXBsb2Fkc1wvMjAyNVwvMDJcL3Nob3AtdGhlLWhvcml6b24uanBnIn0%3D\">\n\t\t\t\t\t\t\t<img decoding=\"async\" width=\"2480\" height=\"1754\" src=\"https:\/\/phumyhung.vn\/shop\/wp-content\/uploads\/2025\/02\/shop-the-horizon.jpg\" class=\"attachment-full size-full wp-image-1947\" alt=\"\" srcset=\"https:\/\/phumyhung.vn\/shop\/wp-content\/uploads\/2025\/02\/shop-the-horizon.jpg 2480w, https:\/\/phumyhung.vn\/shop\/wp-content\/uploads\/2025\/02\/shop-the-horizon-300x212.jpg 300w, https:\/\/phumyhung.vn\/shop\/wp-content\/uploads\/2025\/02\/shop-the-horizon-1024x724.jpg 1024w, https:\/\/phumyhung.vn\/shop\/wp-content\/uploads\/2025\/02\/shop-the-horizon-768x543.jpg 768w, https:\/\/phumyhung.vn\/shop\/wp-content\/uploads\/2025\/02\/shop-the-horizon-1536x1086.jpg 1536w, https:\/\/phumyhung.vn\/shop\/wp-content\/uploads\/2025\/02\/shop-the-horizon-2048x1448.jpg 2048w\" sizes=\"(max-width: 2480px) 100vw, 2480px\" \/>\t\t\t\t\t\t\t\t<\/a>\n\t\t\t\t\t\t\t\t\t\t\t<figcaption class=\"widget-image-caption wp-caption-text\"><\/figcaption>\n\t\t\t\t\t\t\t\t\t\t<\/figure>\n\t\t\t\t\t\t\t\t\t<\/div>\n\t\t\t\t<\/div>\n\t\t\t\t<div class=\"elementor-element elementor-element-9a58a11 elementor-widget-divider--view-line elementor-widget elementor-widget-divider\" data-id=\"9a58a11\" data-element_type=\"widget\" data-e-type=\"widget\" data-widget_type=\"divider.default\">\n\t\t\t\t<div class=\"elementor-widget-container\">\n\t\t\t\t\t\t\t<div class=\"elementor-divider\">\n\t\t\t<span class=\"elementor-divider-separator\">\n\t\t\t\t\t\t<\/span>\n\t\t<\/div>\n\t\t\t\t\t\t<\/div>\n\t\t\t\t<\/div>\n\t\t\t\t<div class=\"elementor-element elementor-element-75a8e79 elementor-widget elementor-widget-image\" data-id=\"75a8e79\" data-element_type=\"widget\" data-e-type=\"widget\" data-widget_type=\"image.default\">\n\t\t\t\t<div class=\"elementor-widget-container\">\n\t\t\t\t\t\t\t\t\t\t\t\t<figure class=\"wp-caption\">\n\t\t\t\t\t\t\t\t\t\t\t<a href=\"https:\/\/phumyhung.vn\/shop\/wp-content\/uploads\/2025\/02\/shop-Crescent-Cresidence-5.jpg\" data-elementor-open-lightbox=\"yes\" data-elementor-lightbox-title=\"shop Crescent Cresidence 5\" data-e-action-hash=\"#elementor-action%3Aaction%3Dlightbox%26settings%3DeyJpZCI6MTk0OCwidXJsIjoiaHR0cHM6XC9cL3BodW15aHVuZy52blwvc2hvcFwvd3AtY29udGVudFwvdXBsb2Fkc1wvMjAyNVwvMDJcL3Nob3AtQ3Jlc2NlbnQtQ3Jlc2lkZW5jZS01LmpwZyJ9\">\n\t\t\t\t\t\t\t<img decoding=\"async\" width=\"2531\" height=\"1614\" src=\"https:\/\/phumyhung.vn\/shop\/wp-content\/uploads\/2025\/02\/shop-Crescent-Cresidence-5.jpg\" class=\"attachment-full size-full wp-image-1948\" alt=\"\" srcset=\"https:\/\/phumyhung.vn\/shop\/wp-content\/uploads\/2025\/02\/shop-Crescent-Cresidence-5.jpg 2531w, https:\/\/phumyhung.vn\/shop\/wp-content\/uploads\/2025\/02\/shop-Crescent-Cresidence-5-300x191.jpg 300w, https:\/\/phumyhung.vn\/shop\/wp-content\/uploads\/2025\/02\/shop-Crescent-Cresidence-5-1024x653.jpg 1024w, https:\/\/phumyhung.vn\/shop\/wp-content\/uploads\/2025\/02\/shop-Crescent-Cresidence-5-768x490.jpg 768w, https:\/\/phumyhung.vn\/shop\/wp-content\/uploads\/2025\/02\/shop-Crescent-Cresidence-5-1536x979.jpg 1536w, https:\/\/phumyhung.vn\/shop\/wp-content\/uploads\/2025\/02\/shop-Crescent-Cresidence-5-2048x1306.jpg 2048w\" sizes=\"(max-width: 2531px) 100vw, 2531px\" \/>\t\t\t\t\t\t\t\t<\/a>\n\t\t\t\t\t\t\t\t\t\t\t<figcaption class=\"widget-image-caption wp-caption-text\"><\/figcaption>\n\t\t\t\t\t\t\t\t\t\t<\/figure>\n\t\t\t\t\t\t\t\t\t<\/div>\n\t\t\t\t<\/div>\n\t\t\t\t\t<\/div>\n\t\t\t\t<\/div>\n\t\t\t\t\t<\/div>\n\t\t\t\t<\/div>\n\t\t\t\t\t<\/div>\n\t\t\t\t<\/div>\n\t\t\t\t<\/div>\n\t\t                        <\/div>\n                    <\/div>\n                            <\/div>\n        <\/div>\n                    \n                                <a href=\"#\" id=\"bottom-anchor-125f915a\" data-bdt-hidden><\/a>\n            <\/div>\n        <\/div>\n    \t\t\t\t<\/div>\n\t\t\t\t<\/div>\n\t\t\t\t\t<\/div>\n\t\t\t\t<\/div>\n\t\t\t\t<\/div>\n\t\t","protected":false},"excerpt":{"rendered":"<p>TR\u00c1I TIM H\u1ed2 B\u00c1N NGUY\u1ec6T \u2013 TRUNG T\u00c2M D\u1ecaCH V\u1ee4 T\u1ea6M V\u00d3C TI\u00caU CHU\u1ea8N QU\u1ed0C T\u1ebe V\u1edbi di\u1ec7n t\u00edch h\u01a1n 20ha, Khu H\u1ed3 B\u00e1n Nguy\u1ec7t \u0111\u01b0\u1ee3c ch\u1ecdn l\u00e0 v\u00f9ng l\u00f5i trong 8 khu ch\u1ee9c n\u0103ng c\u1ee7a \u0111\u00f4 th\u1ecb Ph\u00fa M\u1ef9 H\u01b0ng. T\u1ea1i Khu H\u1ed3 B\u00e1n Nguy\u1ec7t, ngo\u00e0i s\u1ef1 hi\u1ec7n di\u1ec7n c\u1ee7a Crescent Mall &#8211; Trung [&hellip;]<\/p>\n","protected":false},"author":1,"featured_media":0,"parent":0,"menu_order":0,"comment_status":"closed","ping_status":"closed","template":"","meta":{"footnotes":""},"class_list":["post-1945","page","type-page","status-publish","hentry"],"_links":{"self":[{"href":"https:\/\/phumyhung.vn\/shop\/wp-json\/wp\/v2\/pages\/1945","targetHints":{"allow":["GET"]}}],"collection":[{"href":"https:\/\/phumyhung.vn\/shop\/wp-json\/wp\/v2\/pages"}],"about":[{"href":"https:\/\/phumyhung.vn\/shop\/wp-json\/wp\/v2\/types\/page"}],"author":[{"embeddable":true,"href":"https:\/\/phumyhung.vn\/shop\/wp-json\/wp\/v2\/users\/1"}],"replies":[{"embeddable":true,"href":"https:\/\/phumyhung.vn\/shop\/wp-json\/wp\/v2\/comments?post=1945"}],"version-history":[{"count":0,"href":"https:\/\/phumyhung.vn\/shop\/wp-json\/wp\/v2\/pages\/1945\/revisions"}],"wp:attachment":[{"href":"https:\/\/phumyhung.vn\/shop\/wp-json\/wp\/v2\/media?parent=1945"}],"curies":[{"name":"wp","href":"https:\/\/api.w.org\/{rel}","templated":true}]}}