{"id":873,"date":"2023-07-24T19:39:01","date_gmt":"2023-07-24T12:39:01","guid":{"rendered":"https:\/\/phumyhung.vn\/shop\/?page_id=873"},"modified":"2023-08-29T17:21:50","modified_gmt":"2023-08-29T10:21:50","slug":"shop-pho-tai-chinh-dich-vu","status":"publish","type":"page","link":"https:\/\/phumyhung.vn\/shop\/shop-pho-tai-chinh-dich-vu\/","title":{"rendered":"Shop ph\u1ed1 t\u00e0i ch\u00ednh d\u1ecbch v\u1ee5"},"content":{"rendered":"\t\t<div data-elementor-type=\"wp-page\" data-elementor-id=\"873\" class=\"elementor elementor-873\" data-elementor-post-type=\"page\">\n\t\t\t\t<div class=\"elementor-element elementor-element-11d06d07 e-flex e-con-boxed e-con e-parent\" data-id=\"11d06d07\" data-element_type=\"container\" data-e-type=\"container\" data-settings=\"{&quot;background_background&quot;:&quot;classic&quot;}\">\n\t\t\t\t\t<div class=\"e-con-inner\">\n\t\t\t\t\t<\/div>\n\t\t\t\t<\/div>\n\t\t<div class=\"elementor-element elementor-element-44428b81 e-flex e-con-boxed e-con e-parent\" data-id=\"44428b81\" data-element_type=\"container\" data-e-type=\"container\">\n\t\t\t\t\t<div class=\"e-con-inner\">\n\t\t<div class=\"elementor-element elementor-element-1f1ef13f e-con-full e-flex elementor-invisible e-con e-parent\" data-id=\"1f1ef13f\" data-element_type=\"container\" data-e-type=\"container\" data-settings=\"{&quot;background_background&quot;:&quot;classic&quot;,&quot;animation&quot;:&quot;fadeInUp&quot;}\">\n\t\t\t\t<div class=\"elementor-element elementor-element-308c6f69 elementor-widget elementor-widget-heading\" data-id=\"308c6f69\" data-element_type=\"widget\" data-e-type=\"widget\" data-widget_type=\"heading.default\">\n\t\t\t\t<div class=\"elementor-widget-container\">\n\t\t\t\t\t<h2 class=\"elementor-heading-title elementor-size-default\">SHOP PH\u1ed0 T\u00c0I CH\u00cdNH D\u1ecaCH V\u1ee4 <\/h2>\t\t\t\t<\/div>\n\t\t\t\t<\/div>\n\t\t\t\t<div class=\"elementor-element elementor-element-3ee182f6 elementor-widget elementor-widget-text-editor\" data-id=\"3ee182f6\" data-element_type=\"widget\" data-e-type=\"widget\" data-widget_type=\"text-editor.default\">\n\t\t\t\t<div class=\"elementor-widget-container\">\n\t\t\t\t\t\t\t\t\t<p>\u201c<strong>Ph\u1ed1 T\u00e0i Ch\u00ednh D\u1ecbch V\u1ee5 Nguy\u1ec5n L\u01b0\u01a1ng B\u1eb1ng<\/strong> k\u1ebft n\u1ed1i 5 ti\u1ec3u khu trong Ph\u00fa M\u1ef9 H\u01b0ng, c\u00f3 chi\u1ec1u d\u00e0i <strong>3km<\/strong>, l\u00e0 <strong>tr\u1ee5c trung t\u00e2m<\/strong> c\u1ee7a to\u00e0n khu Nam S\u00e0i G\u00f2n v\u00e0 c\u1ea3 \u0111\u00f4 th\u1ecb.<\/p><p>\u0110\u01b0\u1ee3c l\u1ea5y \u00fd t\u01b0\u1edfng ph\u00e1t tri\u1ec3n t\u1eeb ph\u1ed1 Broadway c\u1ee7a M\u1ef9, Nguy\u1ec5n L\u01b0\u01a1ng B\u1eb1ng quy ho\u1ea1ch m\u1eb7t ti\u1ec1n kh\u1ed1i \u0111\u1ebf c\u00e1c cao \u1ed1c l\u00e0 c\u1eeda h\u00e0ng nh\u1eb1m cung c\u1ea5p d\u1ecbch v\u1ee5 \u0111a ng\u00e0nh cho c\u01b0 d\u00e2n Ph\u00fa M\u1ef9 H\u01b0ng v\u00e0 to\u00e0n khu Nam. Do v\u1eady, tuy\u1ebfn ph\u1ed1 n\u00e0y b\u1ed1 tr\u00ed ch\u1ed7 \u0111\u1eadu xe h\u01a1i, xe m\u00e1y, h\u00e0nh lang v\u1ec9a h\u00e8 thu\u1eadn ti\u1ec7n cho c\u01b0 d\u00e2n c\u00e1c khu ph\u1ed1, h\u1ecdc sinh, ph\u1ee5 huynh c\u00e1c tr\u01b0\u1eddng h\u1ecdc, nh\u00e2n vi\u00ean l\u00e0m vi\u1ec7c trong Trung T\u00e2m T\u00e0i Ch\u00ednh Qu\u1ed1c T\u1ebf, H\u1ed3 B\u00e1n Nguy\u1ec7t thu\u1eadn ti\u1ec7n b\u1ed9 h\u00e0nh ho\u1eb7c di chuy\u1ec3n b\u1eb1ng c\u00e1c ph\u01b0\u01a1ng ti\u1ec7n; \u0111\u1ed3ng th\u1eddi do tr\u1ee5c \u0111\u01b0\u1eddng n\u00e0y k\u1ebft n\u1ed1i r\u1ea5t nhanh \u0111\u1ebfn c\u00e1c ph\u01b0\u1eddng, qu\u1eadn trong Nam S\u00e0i G\u00f2n n\u00ean ng\u01b0\u1eddi d\u00e2n c\u00e1c khu v\u1ef1c kh\u00e1c c\u0169ng d\u1ec5 d\u00e0ng \u0111\u1ebfn s\u1eed d\u1ee5ng d\u1ecbch v\u1ee5 t\u1ea1i \u0111\u00e2y.<\/p><p><b>Ph\u1ed1 Nguy\u1ec5n L\u01b0\u01a1ng B\u1eb1ng<\/b> l\u00e0 tr\u1ee5c ch\u00ednh c\u1ee7a khu Th\u01b0\u01a1ng M\u1ea1i T\u00e0i Ch\u00ednh, Khu H\u1ed3 B\u00e1n Nguy\u1ec7t, khu Th\u1ec3 Thao v\u00e0 Ch\u0103m S\u00f3c S\u1ee9c Kh\u1ecfe. Ba khu n\u00e0y \u0111ang \u0111\u01b0\u1ee3c l\u1ea5p \u0111\u1ea7y cao \u1ed1c s\u1eed d\u1ee5ng \u0111a ch\u1ee9c n\u0103ng nh\u01b0 Crescent Mall giai \u0111o\u1ea1n 3 v\u00e0 c\u00e1c cao \u1ed1c v\u0103n ph\u00f2ng h\u1ea1ng A, c\u00e1c c\u01a1 s\u1edf d\u1ecbch v\u1ee5 cao c\u1ea5p nh\u1eb1m \u0111\u00f3n \u0111\u1ea7u l\u00e0n s\u00f3ng ng\u01b0\u1eddi n\u01b0\u1edbc ngo\u00e0i d\u1ecbch chuy\u1ec3n v\u00e0o sinh s\u1ed1ng, l\u00e0m vi\u1ec7c t\u1ea1i Ph\u00fa M\u1ef9 H\u01b0ng. S\u1ef1 ho\u00e0n ch\u1ec9nh di\u1ec7n m\u1ea1o t\u1ea1o \u0111\u00f2n b\u1ea9y gia t\u0103ng cho gi\u00e1 tr\u1ecb b\u1ea5t \u0111\u1ed9ng s\u1ea3n v\u00e0 ngu\u1ed3n c\u1ea7u d\u1ecbch v\u1ee5 trong t\u01b0\u01a1ng lai.<\/p>\t\t\t\t\t\t\t\t<\/div>\n\t\t\t\t<\/div>\n\t\t\t\t<\/div>\n\t\t\t\t\t<\/div>\n\t\t\t\t<\/div>\n\t\t<div class=\"elementor-element elementor-element-30e495b1 e-flex e-con-boxed e-con e-parent\" data-id=\"30e495b1\" data-element_type=\"container\" data-e-type=\"container\">\n\t\t\t\t\t<div class=\"e-con-inner\">\n\t\t\t\t<div class=\"elementor-element elementor-element-125f915a elementor-widget elementor-widget-bdt-tabs\" data-id=\"125f915a\" data-element_type=\"widget\" data-e-type=\"widget\" data-widget_type=\"bdt-tabs.default\">\n\t\t\t\t<div class=\"elementor-widget-container\">\n\t\t\t\t\t\n\n        <div class=\"bdt-tabs-area\">\n\n            <div id=\"bdt-tabs-125f915a\" class=\"bdt-tabs  bdt-tabs-default\" data-settings=\"{&quot;id&quot;:&quot;bdt-tabs-125f915a&quot;,&quot;hashTopOffset&quot;:70,&quot;hashScrollspyTime&quot;:1500,&quot;navStickyOffset&quot;:1,&quot;linkWidgetId&quot;:&quot;125f915a&quot;}\">\n                \n                \n                        <div class=\"bdt-tab-wrapper bdt-flex bdt-flex-center\">\n            <div >\n                <div class=\"bdt-tab bdt-tab-default  bdt-flex bdt-flex-center\" data-bdt-tab=\"connect: #bdt-tab-content-125f915a; swiping: false;\" data-bdt-height-match=\"target: &gt; .bdt-tabs-item &gt; .bdt-tabs-item-title; row: false;\">\n                                            <div class=\"bdt-tabs-item\">\n                            <a data-title=\"Riverside-Residence\" class=\"bdt-tabs-item-title\" id=\"bdt-tab-Riverside-Residence\" data-tab-index=\"0\" href=\"#\">\n                                <div class=\"bdt-tab-text-wrapper bdt-flex-column\">\n\n                                    <div class=\"bdt-tab-title-icon-wrapper\">\n\n                                        \n                                                                                    <span class=\"bdt-tab-text\">\n                                                Riverside Residence                                            <\/span>\n                                        \n                                        \n                                    <\/div>\n\n                                    \n                                <\/div>\n                            <\/a>\n                        <\/div>\n                                            <div class=\"bdt-tabs-item\">\n                            <a data-title=\"H\u01b0ng-Ph\u00fac-Premier\" class=\"bdt-tabs-item-title\" id=\"bdt-tab-H\u01b0ng-Ph\u00fac-Premier\" data-tab-index=\"1\" href=\"#\">\n                                <div class=\"bdt-tab-text-wrapper bdt-flex-column\">\n\n                                    <div class=\"bdt-tab-title-icon-wrapper\">\n\n                                        \n                                                                                    <span class=\"bdt-tab-text\">\n                                                H\u01b0ng Ph\u00fac Premier                                            <\/span>\n                                        \n                                        \n                                    <\/div>\n\n                                    \n                                <\/div>\n                            <\/a>\n                        <\/div>\n                                    <\/div>\n            <\/div>\n        <\/div>\n\n\n                                    \n        <div class=\"bdt-switcher-wrapper\">\n            <div id=\"bdt-tab-content-125f915a\" class=\"bdt-switcher bdt-switcher-item-content\">\n                                                        <div class=\"bdt-tab-content-item \" data-content-id=\"riverside-residence\">\n                        <div>\n                            \t\t<div data-elementor-type=\"section\" data-elementor-id=\"1088\" class=\"elementor elementor-1088\" data-elementor-post-type=\"elementor_library\">\n\t\t\t<div class=\"elementor-element elementor-element-6de52044 e-flex e-con-boxed e-con e-parent\" data-id=\"6de52044\" data-element_type=\"container\" data-e-type=\"container\">\n\t\t\t\t\t<div class=\"e-con-inner\">\n\t\t<div class=\"elementor-element elementor-element-79464a22 e-flex e-con-boxed e-con e-parent\" data-id=\"79464a22\" data-element_type=\"container\" data-e-type=\"container\" data-settings=\"{&quot;background_background&quot;:&quot;classic&quot;}\">\n\t\t\t\t\t<div class=\"e-con-inner\">\n\t\t<div class=\"elementor-element elementor-element-5da8f8c0 e-flex e-con-boxed e-con e-parent\" data-id=\"5da8f8c0\" data-element_type=\"container\" data-e-type=\"container\">\n\t\t\t\t\t<div class=\"e-con-inner\">\n\t\t<div class=\"elementor-element elementor-element-508b0a13 e-con-full e-flex e-con e-parent\" data-id=\"508b0a13\" data-element_type=\"container\" data-e-type=\"container\">\n\t\t\t\t<div class=\"elementor-element elementor-element-6ffd083f elementor-widget elementor-widget-image\" data-id=\"6ffd083f\" data-element_type=\"widget\" data-e-type=\"widget\" data-widget_type=\"image.default\">\n\t\t\t\t<div class=\"elementor-widget-container\">\n\t\t\t\t\t\t\t\t\t\t\t\t\t\t\t\t<a href=\"https:\/\/phumyhung.vn\/shop\/wp-content\/uploads\/2023\/07\/rivereside-residence.webp\" data-elementor-open-lightbox=\"yes\" data-elementor-lightbox-title=\"rivereside-residence\" data-e-action-hash=\"#elementor-action%3Aaction%3Dlightbox%26settings%3DeyJpZCI6MTA4OSwidXJsIjoiaHR0cHM6XC9cL3BodW15aHVuZy52blwvc2hvcFwvd3AtY29udGVudFwvdXBsb2Fkc1wvMjAyM1wvMDdcL3JpdmVyZXNpZGUtcmVzaWRlbmNlLndlYnAifQ%3D%3D\">\n\t\t\t\t\t\t\t<img fetchpriority=\"high\" decoding=\"async\" width=\"1920\" height=\"1080\" src=\"https:\/\/phumyhung.vn\/shop\/wp-content\/uploads\/2023\/07\/rivereside-residence.webp\" class=\"attachment-full size-full wp-image-1089\" alt=\"\" srcset=\"https:\/\/phumyhung.vn\/shop\/wp-content\/uploads\/2023\/07\/rivereside-residence.webp 1920w, https:\/\/phumyhung.vn\/shop\/wp-content\/uploads\/2023\/07\/rivereside-residence-300x169.webp 300w, https:\/\/phumyhung.vn\/shop\/wp-content\/uploads\/2023\/07\/rivereside-residence-1024x576.webp 1024w, https:\/\/phumyhung.vn\/shop\/wp-content\/uploads\/2023\/07\/rivereside-residence-768x432.webp 768w, https:\/\/phumyhung.vn\/shop\/wp-content\/uploads\/2023\/07\/rivereside-residence-1536x864.webp 1536w\" sizes=\"(max-width: 1920px) 100vw, 1920px\" \/>\t\t\t\t\t\t\t\t<\/a>\n\t\t\t\t\t\t\t\t\t\t\t\t\t\t\t<\/div>\n\t\t\t\t<\/div>\n\t\t\t\t<\/div>\n\t\t<div class=\"elementor-element elementor-element-52efede5 e-flex e-con-boxed e-con e-parent\" data-id=\"52efede5\" data-element_type=\"container\" data-e-type=\"container\">\n\t\t\t\t\t<div class=\"e-con-inner\">\n\t\t\t\t<div class=\"elementor-element elementor-element-580dd67f elementor-widget elementor-widget-google_maps\" data-id=\"580dd67f\" data-element_type=\"widget\" data-e-type=\"widget\" data-widget_type=\"google_maps.default\">\n\t\t\t\t<div class=\"elementor-widget-container\">\n\t\t\t\t\t\t\t<div class=\"elementor-custom-embed\">\n\t\t\t<iframe loading=\"lazy\"\n\t\t\t\t\tsrc=\"https:\/\/maps.google.com\/maps?q=riverside%20residence&#038;t=m&#038;z=14&#038;output=embed&#038;iwloc=near\"\n\t\t\t\t\ttitle=\"riverside residence\"\n\t\t\t\t\taria-label=\"riverside residence\"\n\t\t\t><\/iframe>\n\t\t<\/div>\n\t\t\t\t\t\t<\/div>\n\t\t\t\t<\/div>\n\t\t\t\t\t<\/div>\n\t\t\t\t<\/div>\n\t\t\t\t\t<\/div>\n\t\t\t\t<\/div>\n\t\t<div class=\"elementor-element elementor-element-576e6d01 e-flex e-con-boxed e-con e-parent\" data-id=\"576e6d01\" data-element_type=\"container\" data-e-type=\"container\">\n\t\t\t\t\t<div class=\"e-con-inner\">\n\t\t\t\t<div class=\"elementor-element elementor-element-2c5281ad elementor-widget elementor-widget-image\" data-id=\"2c5281ad\" data-element_type=\"widget\" data-e-type=\"widget\" data-widget_type=\"image.default\">\n\t\t\t\t<div class=\"elementor-widget-container\">\n\t\t\t\t\t\t\t\t\t\t\t\t<figure class=\"wp-caption\">\n\t\t\t\t\t\t\t\t\t\t\t<a href=\"https:\/\/phumyhung.vn\/shop\/wp-content\/uploads\/2023\/07\/mat-bang-reverside-residence-building-D-1-scaled.webp\" data-elementor-open-lightbox=\"yes\" data-elementor-lightbox-title=\"mat-bang-reverside-residence-building-D\" data-e-action-hash=\"#elementor-action%3Aaction%3Dlightbox%26settings%3DeyJpZCI6MTA5MiwidXJsIjoiaHR0cHM6XC9cL3BodW15aHVuZy52blwvc2hvcFwvd3AtY29udGVudFwvdXBsb2Fkc1wvMjAyM1wvMDdcL21hdC1iYW5nLXJldmVyc2lkZS1yZXNpZGVuY2UtYnVpbGRpbmctRC0xLXNjYWxlZC53ZWJwIn0%3D\">\n\t\t\t\t\t\t\t<img decoding=\"async\" width=\"2560\" height=\"1561\" src=\"https:\/\/phumyhung.vn\/shop\/wp-content\/uploads\/2023\/07\/mat-bang-reverside-residence-building-D-1-scaled.webp\" class=\"attachment-full size-full wp-image-1092\" alt=\"\" srcset=\"https:\/\/phumyhung.vn\/shop\/wp-content\/uploads\/2023\/07\/mat-bang-reverside-residence-building-D-1-scaled.webp 2560w, https:\/\/phumyhung.vn\/shop\/wp-content\/uploads\/2023\/07\/mat-bang-reverside-residence-building-D-1-300x183.webp 300w, https:\/\/phumyhung.vn\/shop\/wp-content\/uploads\/2023\/07\/mat-bang-reverside-residence-building-D-1-1024x624.webp 1024w, https:\/\/phumyhung.vn\/shop\/wp-content\/uploads\/2023\/07\/mat-bang-reverside-residence-building-D-1-768x468.webp 768w, https:\/\/phumyhung.vn\/shop\/wp-content\/uploads\/2023\/07\/mat-bang-reverside-residence-building-D-1-1536x937.webp 1536w, https:\/\/phumyhung.vn\/shop\/wp-content\/uploads\/2023\/07\/mat-bang-reverside-residence-building-D-1-2048x1249.webp 2048w\" sizes=\"(max-width: 2560px) 100vw, 2560px\" \/>\t\t\t\t\t\t\t\t<\/a>\n\t\t\t\t\t\t\t\t\t\t\t<figcaption class=\"widget-image-caption wp-caption-text\">M\u1eb7t b\u1eb1ng shop Riverside Residence Building D<\/figcaption>\n\t\t\t\t\t\t\t\t\t\t<\/figure>\n\t\t\t\t\t\t\t\t\t<\/div>\n\t\t\t\t<\/div>\n\t\t\t\t<div class=\"elementor-element elementor-element-4ce2506 elementor-widget elementor-widget-image\" data-id=\"4ce2506\" data-element_type=\"widget\" data-e-type=\"widget\" data-widget_type=\"image.default\">\n\t\t\t\t<div class=\"elementor-widget-container\">\n\t\t\t\t\t\t\t\t\t\t\t\t<figure class=\"wp-caption\">\n\t\t\t\t\t\t\t\t\t\t\t<a href=\"https:\/\/phumyhung.vn\/shop\/wp-content\/uploads\/2023\/07\/mat-bang-reverside-residence-building-E-1-scaled.webp\" data-elementor-open-lightbox=\"yes\" data-elementor-lightbox-title=\"Mat bang shop Riverside Residence\" data-e-action-hash=\"#elementor-action%3Aaction%3Dlightbox%26settings%3DeyJpZCI6MTA5MywidXJsIjoiaHR0cHM6XC9cL3BodW15aHVuZy52blwvc2hvcFwvd3AtY29udGVudFwvdXBsb2Fkc1wvMjAyM1wvMDdcL21hdC1iYW5nLXJldmVyc2lkZS1yZXNpZGVuY2UtYnVpbGRpbmctRS0xLXNjYWxlZC53ZWJwIn0%3D\">\n\t\t\t\t\t\t\t<img decoding=\"async\" width=\"2560\" height=\"1561\" src=\"https:\/\/phumyhung.vn\/shop\/wp-content\/uploads\/2023\/07\/mat-bang-reverside-residence-building-E-1-scaled.webp\" class=\"attachment-full size-full wp-image-1093\" alt=\"Mat bang shop Riverside Residence\" srcset=\"https:\/\/phumyhung.vn\/shop\/wp-content\/uploads\/2023\/07\/mat-bang-reverside-residence-building-E-1-scaled.webp 2560w, https:\/\/phumyhung.vn\/shop\/wp-content\/uploads\/2023\/07\/mat-bang-reverside-residence-building-E-1-300x183.webp 300w, https:\/\/phumyhung.vn\/shop\/wp-content\/uploads\/2023\/07\/mat-bang-reverside-residence-building-E-1-1024x624.webp 1024w, https:\/\/phumyhung.vn\/shop\/wp-content\/uploads\/2023\/07\/mat-bang-reverside-residence-building-E-1-768x468.webp 768w, https:\/\/phumyhung.vn\/shop\/wp-content\/uploads\/2023\/07\/mat-bang-reverside-residence-building-E-1-1536x937.webp 1536w, https:\/\/phumyhung.vn\/shop\/wp-content\/uploads\/2023\/07\/mat-bang-reverside-residence-building-E-1-2048x1249.webp 2048w\" sizes=\"(max-width: 2560px) 100vw, 2560px\" \/>\t\t\t\t\t\t\t\t<\/a>\n\t\t\t\t\t\t\t\t\t\t\t<figcaption class=\"widget-image-caption wp-caption-text\">M\u1eb7t b\u1eb1ng shop Riverside Residence Building E<\/figcaption>\n\t\t\t\t\t\t\t\t\t\t<\/figure>\n\t\t\t\t\t\t\t\t\t<\/div>\n\t\t\t\t<\/div>\n\t\t\t\t\t<\/div>\n\t\t\t\t<\/div>\n\t\t\t\t\t<\/div>\n\t\t\t\t<\/div>\n\t\t\t\t\t<\/div>\n\t\t\t\t<\/div>\n\t\t\t\t<\/div>\n\t\t                        <\/div>\n                    <\/div>\n                                                        <div class=\"bdt-tab-content-item \" data-content-id=\"h-ng-ph-c-premier\">\n                        <div>\n                            \t\t<div data-elementor-type=\"page\" data-elementor-id=\"1095\" class=\"elementor elementor-1095\" data-elementor-post-type=\"elementor_library\">\n\t\t\t\t<div class=\"elementor-element elementor-element-16d24d83 e-flex e-con-boxed e-con e-parent\" data-id=\"16d24d83\" data-element_type=\"container\" data-e-type=\"container\">\n\t\t\t\t\t<div class=\"e-con-inner\">\n\t\t<div class=\"elementor-element elementor-element-54d3a97f e-flex e-con-boxed e-con e-parent\" data-id=\"54d3a97f\" data-element_type=\"container\" data-e-type=\"container\" data-settings=\"{&quot;background_background&quot;:&quot;classic&quot;}\">\n\t\t\t\t\t<div class=\"e-con-inner\">\n\t\t<div class=\"elementor-element elementor-element-9a33c30 e-flex e-con-boxed e-con e-parent\" data-id=\"9a33c30\" data-element_type=\"container\" data-e-type=\"container\">\n\t\t\t\t\t<div class=\"e-con-inner\">\n\t\t<div class=\"elementor-element elementor-element-792668d7 e-con-full e-flex e-con e-parent\" data-id=\"792668d7\" data-element_type=\"container\" data-e-type=\"container\">\n\t\t\t\t<div class=\"elementor-element elementor-element-3886977e elementor-widget elementor-widget-image\" data-id=\"3886977e\" data-element_type=\"widget\" data-e-type=\"widget\" data-widget_type=\"image.default\">\n\t\t\t\t<div class=\"elementor-widget-container\">\n\t\t\t\t\t\t\t\t\t\t\t\t\t\t\t\t<a href=\"https:\/\/phumyhung.vn\/shop\/wp-content\/uploads\/2023\/07\/hung-phuc-premier.webp\" data-elementor-open-lightbox=\"yes\" data-elementor-lightbox-title=\"hung-phuc-premier\" data-e-action-hash=\"#elementor-action%3Aaction%3Dlightbox%26settings%3DeyJpZCI6MTEwMiwidXJsIjoiaHR0cHM6XC9cL3BodW15aHVuZy52blwvc2hvcFwvd3AtY29udGVudFwvdXBsb2Fkc1wvMjAyM1wvMDdcL2h1bmctcGh1Yy1wcmVtaWVyLndlYnAifQ%3D%3D\">\n\t\t\t\t\t\t\t<img loading=\"lazy\" decoding=\"async\" width=\"1920\" height=\"1080\" src=\"https:\/\/phumyhung.vn\/shop\/wp-content\/uploads\/2023\/07\/hung-phuc-premier.webp\" class=\"attachment-full size-full wp-image-1102\" alt=\"\" srcset=\"https:\/\/phumyhung.vn\/shop\/wp-content\/uploads\/2023\/07\/hung-phuc-premier.webp 1920w, https:\/\/phumyhung.vn\/shop\/wp-content\/uploads\/2023\/07\/hung-phuc-premier-300x169.webp 300w, https:\/\/phumyhung.vn\/shop\/wp-content\/uploads\/2023\/07\/hung-phuc-premier-1024x576.webp 1024w, https:\/\/phumyhung.vn\/shop\/wp-content\/uploads\/2023\/07\/hung-phuc-premier-768x432.webp 768w, https:\/\/phumyhung.vn\/shop\/wp-content\/uploads\/2023\/07\/hung-phuc-premier-1536x864.webp 1536w\" sizes=\"(max-width: 1920px) 100vw, 1920px\" \/>\t\t\t\t\t\t\t\t<\/a>\n\t\t\t\t\t\t\t\t\t\t\t\t\t\t\t<\/div>\n\t\t\t\t<\/div>\n\t\t\t\t<\/div>\n\t\t<div class=\"elementor-element elementor-element-d64bab2 e-flex e-con-boxed e-con e-parent\" data-id=\"d64bab2\" data-element_type=\"container\" data-e-type=\"container\">\n\t\t\t\t\t<div class=\"e-con-inner\">\n\t\t\t\t<div class=\"elementor-element elementor-element-50caa86b elementor-widget elementor-widget-google_maps\" data-id=\"50caa86b\" data-element_type=\"widget\" data-e-type=\"widget\" data-widget_type=\"google_maps.default\">\n\t\t\t\t<div class=\"elementor-widget-container\">\n\t\t\t\t\t\t\t<div class=\"elementor-custom-embed\">\n\t\t\t<iframe loading=\"lazy\"\n\t\t\t\t\tsrc=\"https:\/\/maps.google.com\/maps?q=H%C6%B0ng%20Ph%C3%BAc%20Premier&#038;t=m&#038;z=14&#038;output=embed&#038;iwloc=near\"\n\t\t\t\t\ttitle=\"H\u01b0ng Ph\u00fac Premier\"\n\t\t\t\t\taria-label=\"H\u01b0ng Ph\u00fac Premier\"\n\t\t\t><\/iframe>\n\t\t<\/div>\n\t\t\t\t\t\t<\/div>\n\t\t\t\t<\/div>\n\t\t\t\t\t<\/div>\n\t\t\t\t<\/div>\n\t\t\t\t\t<\/div>\n\t\t\t\t<\/div>\n\t\t<div class=\"elementor-element elementor-element-19b0ba0c e-flex e-con-boxed e-con e-parent\" data-id=\"19b0ba0c\" data-element_type=\"container\" data-e-type=\"container\">\n\t\t\t\t\t<div class=\"e-con-inner\">\n\t\t\t\t<div class=\"elementor-element elementor-element-4b2a76bd elementor-widget elementor-widget-image\" data-id=\"4b2a76bd\" data-element_type=\"widget\" data-e-type=\"widget\" data-widget_type=\"image.default\">\n\t\t\t\t<div class=\"elementor-widget-container\">\n\t\t\t\t\t\t\t\t\t\t\t\t<figure class=\"wp-caption\">\n\t\t\t\t\t\t\t\t\t\t\t<a href=\"https:\/\/phumyhung.vn\/shop\/wp-content\/uploads\/2023\/07\/mat-bang-hung-phuc-premier-scaled.webp\" data-elementor-open-lightbox=\"yes\" data-elementor-lightbox-title=\"mat-bang-hung-phuc-premier\" data-e-action-hash=\"#elementor-action%3Aaction%3Dlightbox%26settings%3DeyJpZCI6MTEwMCwidXJsIjoiaHR0cHM6XC9cL3BodW15aHVuZy52blwvc2hvcFwvd3AtY29udGVudFwvdXBsb2Fkc1wvMjAyM1wvMDdcL21hdC1iYW5nLWh1bmctcGh1Yy1wcmVtaWVyLXNjYWxlZC53ZWJwIn0%3D\">\n\t\t\t\t\t\t\t<img loading=\"lazy\" decoding=\"async\" width=\"2560\" height=\"1561\" src=\"https:\/\/phumyhung.vn\/shop\/wp-content\/uploads\/2023\/07\/mat-bang-hung-phuc-premier-scaled.webp\" class=\"attachment-full size-full wp-image-1100\" alt=\"\" srcset=\"https:\/\/phumyhung.vn\/shop\/wp-content\/uploads\/2023\/07\/mat-bang-hung-phuc-premier-scaled.webp 2560w, https:\/\/phumyhung.vn\/shop\/wp-content\/uploads\/2023\/07\/mat-bang-hung-phuc-premier-300x183.webp 300w, https:\/\/phumyhung.vn\/shop\/wp-content\/uploads\/2023\/07\/mat-bang-hung-phuc-premier-1024x624.webp 1024w, https:\/\/phumyhung.vn\/shop\/wp-content\/uploads\/2023\/07\/mat-bang-hung-phuc-premier-768x468.webp 768w, https:\/\/phumyhung.vn\/shop\/wp-content\/uploads\/2023\/07\/mat-bang-hung-phuc-premier-1536x937.webp 1536w, https:\/\/phumyhung.vn\/shop\/wp-content\/uploads\/2023\/07\/mat-bang-hung-phuc-premier-2048x1249.webp 2048w\" sizes=\"(max-width: 2560px) 100vw, 2560px\" \/>\t\t\t\t\t\t\t\t<\/a>\n\t\t\t\t\t\t\t\t\t\t\t<figcaption class=\"widget-image-caption wp-caption-text\">M\u1eb7t b\u1eb1ng Garden Plaza 1<\/figcaption>\n\t\t\t\t\t\t\t\t\t\t<\/figure>\n\t\t\t\t\t\t\t\t\t<\/div>\n\t\t\t\t<\/div>\n\t\t\t\t\t<\/div>\n\t\t\t\t<\/div>\n\t\t\t\t\t<\/div>\n\t\t\t\t<\/div>\n\t\t\t\t\t<\/div>\n\t\t\t\t<\/div>\n\t\t\t\t<\/div>\n\t\t                        <\/div>\n                    <\/div>\n                            <\/div>\n        <\/div>\n                    \n                                <a href=\"#\" id=\"bottom-anchor-125f915a\" data-bdt-hidden><\/a>\n            <\/div>\n        <\/div>\n    \t\t\t\t<\/div>\n\t\t\t\t<\/div>\n\t\t\t\t\t<\/div>\n\t\t\t\t<\/div>\n\t\t\t\t<\/div>\n\t\t","protected":false},"excerpt":{"rendered":"<p>SHOP PH\u1ed0 T\u00c0I CH\u00cdNH D\u1ecaCH V\u1ee4 \u201cPh\u1ed1 T\u00e0i Ch\u00ednh D\u1ecbch V\u1ee5 Nguy\u1ec5n L\u01b0\u01a1ng B\u1eb1ng k\u1ebft n\u1ed1i 5 ti\u1ec3u khu trong Ph\u00fa M\u1ef9 H\u01b0ng, c\u00f3 chi\u1ec1u d\u00e0i 3km, l\u00e0 tr\u1ee5c trung t\u00e2m c\u1ee7a to\u00e0n khu Nam S\u00e0i G\u00f2n v\u00e0 c\u1ea3 \u0111\u00f4 th\u1ecb. \u0110\u01b0\u1ee3c l\u1ea5y \u00fd t\u01b0\u1edfng ph\u00e1t tri\u1ec3n t\u1eeb ph\u1ed1 Broadway c\u1ee7a M\u1ef9, Nguy\u1ec5n L\u01b0\u01a1ng B\u1eb1ng [&hellip;]<\/p>\n","protected":false},"author":1,"featured_media":0,"parent":0,"menu_order":0,"comment_status":"closed","ping_status":"closed","template":"","meta":{"footnotes":""},"class_list":["post-873","page","type-page","status-publish","hentry"],"_links":{"self":[{"href":"https:\/\/phumyhung.vn\/shop\/wp-json\/wp\/v2\/pages\/873","targetHints":{"allow":["GET"]}}],"collection":[{"href":"https:\/\/phumyhung.vn\/shop\/wp-json\/wp\/v2\/pages"}],"about":[{"href":"https:\/\/phumyhung.vn\/shop\/wp-json\/wp\/v2\/types\/page"}],"author":[{"embeddable":true,"href":"https:\/\/phumyhung.vn\/shop\/wp-json\/wp\/v2\/users\/1"}],"replies":[{"embeddable":true,"href":"https:\/\/phumyhung.vn\/shop\/wp-json\/wp\/v2\/comments?post=873"}],"version-history":[{"count":0,"href":"https:\/\/phumyhung.vn\/shop\/wp-json\/wp\/v2\/pages\/873\/revisions"}],"wp:attachment":[{"href":"https:\/\/phumyhung.vn\/shop\/wp-json\/wp\/v2\/media?parent=873"}],"curies":[{"name":"wp","href":"https:\/\/api.w.org\/{rel}","templated":true}]}}